u - 1. Give b(-1).
26
Let n(p) = p**3 + p**2 + 2632*p + 10580. Determine n(-4).
4
Let b(l) = -l**2 + 10*l + 11. Calculate b(-2).
-13
Let a(k) = -274*k - 3539. Determine a(-13).
23
Let q(w) = w**2 + 254*w - 1036. Calculate q(4).
-4
Let a(c) = -32*c**2 - 807*c + 648. Determine a(-26).
-2
Let m(d) = -206*d - 81578. What is m(-396)?
-2
Let l(t) = 3*t**2 - 57*t + 368. What is l(6)?
134
Let s(w) = 18*w - 101. Give s(9).
61
Let q(b) = -120*b + 949. Give q(8).
-11
Let p(c) = -330*c**2 - 654*c + 2. Calculate p(-2).
-10
Let g(r) = -5*r**2 - 646*r + 7557. Calculate g(-140).
-3
Let d(c) = 8*c**2 - 75*c + 32. Calculate d(4).
-140
Let w(c) = 152*c - 223. Determine w(1).
-71
Let l(t) = -t**3 - 25*t**2 - 119*t + 35. Give l(-18).
-91
Let m(z) = 4*z**2 + 149*z - 21. Give m(-33).
-582
Let p(w) = 350*w**2 + 1751*w - 2. What is p(-5)?
-7
Let t(v) = 2*v**2 - 21*v - 440. Determine t(-11).
33
Let r(n) = -23*n**3 + 6*n**2 - 6*n + 16. Calculate r(3).
-569
Let v(w) = 5*w**3 + 11*w**2 - 4*w - 14. Determine v(-3).
-38
Let b(p) = -13*p - 466. What is b(-24)?
-154
Let i(s) = -s**2 - 37*s - 26. Give i(-36).
10
Let c(i) = i - 144. Calculate c(23).
-121
Let g(t) = t**3 - 13*t**2 - 17*t + 60. What is g(14)?
18
Let v(c) = -2*c**3 + 4*c + 15. What is v(0)?
15
Let g(u) = 9*u**2 - 220*u - 110. Give g(25).
15
Let d(f) = -26*f - 391. Calculate d(-14).
-27
Let p(l) = 69*l - 3. What is p(-3)?
-210
Let c(a) = -a**3 + 39*a**2 - 330*a + 77. Calculate c(12).
5
Let t(q) = 10*q**2 - 235*q - 656. Give t(26).
-6
Let x(t) = 40*t**2 + 645*t - 577. Determine x(-17).
18
Let p(q) = 693*q + 6211. Determine p(-9).
-26
Let h(b) = 3*b**2 + 11*b - 36827. Calculate h(109).
15
Let x(i) = i**2 + 215*i - 2961. Give x(13).
3
Let p(b) = -b + 506. Calculate p(145).
361
Let j(s) = -s**2 + 223*s - 12369. Determine j(104).
7
Let x(r) = r**3 + 14*r**2 + 34*r - 11. Give x(-9).
88
Let m(z) = -221*z**2 + 75*z + 74. Calculate m(-1).
-222
Let i(f) = -1048*f - 3084. What is i(-3)?
60
Let o(g) = -52*g**2 - 73*g + 11. Calculate o(-2).
-51
Let b(d) = 9*d**2 + 52*d + 107. Calculate b(-2).
39
Let j(h) = -h**3 + 8*h**2 + 18*h - 137. Calculate j(8).
7
Let f(u) = -u + 20. What is f(18)?
2
Let t(x) = -35*x - 42. Determine t(3).
-147
Let k(w) = 21*w - 821. Determine k(45).
124
Let o(s) = 153*s + 423. Give o(-2).
117
Let i(g) = 2*g**3 - 3*g**2 - 3*g - 22. Determine i(3).
-4
Let t(c) = 5*c**3 - 3*c**2 - 5*c + 5. Determine t(-4).
-343
Let k(x) = -509*x - 12724. Determine k(-25).
1
Let o(m) = 4*m**2 - 230*m - 1536. Determine o(-6).
-12
Let i(z) = z**3 + z**2 + 7*z - 61. What is i(4)?
47
Let p(l) = l**2 + 24*l + 133. Give p(-14).
-7
Let k(x) = x**3 - 13*x**2 - 33*x + 49. What is k(15)?
4
Let f(b) = b**3 - 16*b**2 + 8*b + 123. What is f(15)?
18
Let q(h) = -24*h**2 - 699*h - 89. Calculate q(-29).
-2
Let h(o) = 14*o + 501. Give h(-35).
11
Let u(g) = g**3 + 7*g**2 - 200*g - 1834. What is u(-9)?
-196
Let k(t) = -24*t**2 + 70*t - 134. Determine k(2).
-90
Let o(r) = -68*r + 230. Determine o(17).
-926
Let p(n) = n**3 - 18*n**2 + 93*n - 91. Give p(10).
39
Let s(n) = 22*n**2 + n - 10. What is s(-3)?
185
Let l(x) = 16*x - 196. Determine l(14).
28
Let f(j) = 4*j**2 + 81*j - 22. Give f(-21).
41
Let l(c) = -c**2 - 219*c - 10664. What is l(-146)?
-6
Let j(g) = 47*g**3 - g**2 - 131*g + 131. Give j(1).
46
Let a(d) = -21*d + 48. Calculate a(-7).
195
Let g(k) = -927*k + 305. Determine g(0).
305
Let b(x) = -3654*x - 3663. Determine b(-1).
-9
Let b(a) = -97*a - 630. Calculate b(-7).
49
Let k(t) = 4*t**2 + 201*t - 871. What is k(4)?
-3
Let n(h) = h**3 - 117*h**2 + 776*h - 653. Calculate n(110).
7
Let b(h) = h**3 - 19*h**2 - 12*h + 130. Give b(19).
-98
Let f(x) = 2*x**2 - 121*x + 1312. Determine f(14).
10
Let d(r) = -r**2 + 183*r - 1090. What is d(6)?
-28
Let k(q) = 24*q + 289. Give k(-13).
-23
Let l(g) = -313*g - 40379. Give l(-129).
-2
Let h(o) = 2*o**3 - 12*o**2 + 8*o - 8. What is h(7)?
146
Let y(h) = 1377*h + 8261. Calculate y(-6).
-1
Let o(q) = 8*q - 289. Calculate o(32).
-33
Let g(y) = -3*y**3 - 13*y**2 + 6. Give g(-7).
398
Let c(x) = 2*x**2 + 18*x + 12. Give c(-3).
-24
Let d(c) = -55*c - 1444. Give d(-26).
-14
Let d(r) = 237*r. What is d(-1)?
-237
Let h(f) = 107*f + 747. Determine h(-7).
-2
Let z(q) = 2*q**3 + 160*q**2 + 473*q + 879. Give z(-77).
32
Let z(u) = 94*u**3 + 16*u**2 + 19*u - 6. What is z(-2)?
-732
Let l(k) = -340*k - 393. Determine l(0).
-393
Let y(x) = -40*x - 291. Give y(-7).
-11
Let f(a) = a**3 - 9*a**2 + 20*a - 43. Determine f(7).
-1
Let c(y) = 2*y**3 + 34*y**2 - y - 15. What is c(-17)?
2
Let g(v) = 5*v**3 - 8*v**2 + 17*v + 48. Give g(3).
162
Let j(r) = r**2 - 158*r + 5387. Give j(50).
-13
Let q(o) = -o**2 + 938*o + 1872. Determine q(-2).
-8
Let a(y) = 160*y**3 - y**2 + 11*y + 11. Determine a(-1).
-161
Let o(d) = -7*d - 611. Determine o(-86).
-9
Let r(d) = -1642*d. What is r(0)?
0
Let k(r) = r**2 + 122*r + 910. Determine k(-8).
-2
Let x(n) = 21*n + 49. Determine x(-5).
-56
Let u(d) = -15*d + 11. Calculate u(20).
-289
Let f(z) = 617*z - 7984. Give f(13).
37
Let l(x) = -x**3 + 11*x**2 + 22*x - 22. What is l(14)?
-302
Let z(a) = -4*a**2 - 115*a - 35. What is z(-27)?
154
Let x(r) = 22*r - 694. Give x(34).
54
Let w(x) = 30*x**2 - 50*x + 219. Give w(5).
719
Let o(j) = -555*j + 556. Determine o(1).
1
Let q(s) = -4*s**2 - 18*s + 65. Give q(5).
-125
Let j(v) = 8*v + 51. Calculate j(-10).
-29
Let l(c) = c**3 - 50*c**2 + 91*c + 49. What is l(48)?
-191
Let z(s) = -30*s + 1676. Give z(56).
-4
Let q(l) = l**2 - 17*l + 88. Determine q(8).
16
Let u(b) = -b**2 + 129*b - 3732. Determine u(85).
8
Let d(i) = 446*i**2 - 8474*i - 25. Give d(19).
-25
Let w(p) = p**3 - 8*p**2 - 8*p + 7. Calculate w(-2).
-17
Let o(a) = a**2 + 8*a + 5. What is o(12)?
245
Let o(x) = x**3 - 26*x**2 + 35*x - 921. Give o(26).
-11
Let l(b) = -3*b - 49. Calculate l(-6).
-31
Let a(h) = 881*h + 879. Give a(-1).
-2
Let v(n) = n**3 - 22*n**2 - n + 4. Determine v(0).
4
Let k(b) = 2*b**3 - 38*b**2 - 4*b + 64. What is k(19)?
-12
Let y(v) = -8*v + 255. Determine y(31).
7
Let y(v) = v**3 - 31*v**2 + 60*v - 27. Determine y(29).
31
Let v(i) = 3*i**2 - 3*i - 65. Calculate v(5).
-5
Let h(y) = -295*y + 2440. Give h(8).
80
Let i(g) = -g**2 - 5*g - 13. Give i(-5).
-13
Let j(n) = n**3 - n**2 - 64*n - 45. Give j(9).
27
Let r(o) = -57*o - 1020. Calculate r(-18).
6
Let q(v) = -v**3 + 24*v**2 - 106*v + 9. What is q(7)?
100
Let d(a) = a**3 - 65*a**2 - 144*a + 617. Calculate d(67).
-53
Let b(m) = -m**3 + 9*m**2 + 16*m - 32. Give b(10).
28
Let m(w) = 45*w + 1216. Give m(-27).
1
Let p(y) = -13*y**3 - 39*y**2 + 26*y + 91. Determine p(-4).
195
Let j(v) = 6*v + 94. What is j(20)?
214
Let o(b) = -10*b + 112. What is o(25)?
-138
Let r(f) = 3*f + 3. Calculate r(-13).
-36
Let m(c) = 4167*c - 37510. Give m(9).
-7
Let c(z) = -132*z + 3406. What is c(26)?
-26
Let m(j) = j**2 + 788*j - 9. Determine m(0).
-9
Let k(i) = -i**3 + 134*i**2 + 119*i + 2142. Calculate k(135).
-18
Let b(a) = a**3 + 98*a**2 + 184*a - 281. Calculate b(-96).
487
Let l(d) = -d**3 + 53*d**2 + 53*d + 76. Calculate l(54).
22
Let f(p) = 10701*p + 53518. Determine f(-5).
13
Let k(f) = 80*f**2 + 3441*f + 38. Calculate k(-43).
-5
Let c(g) = -g**3 + 45*g**2 - 243*g + 1715. Give c(40).
-5
Let g(y) = -67*y + 51. Determine g(2).
-83
Let h(c) = 6*c**2 - 26*c - 43. Give h(5).
-23
Let o(l) = -l**3 - 4*l**2 + 40*l + 38. Give o(-9).
83
Let q(d) = 34*d + 459. What is q(-17)?
-119
Let q(w) = -43*w - 295. What is q(-7)?
6
Let d(c) = 3*c**3 - 34*c**2 + 10*c - 10. Calculate d(11).
-21
Let s(t) = -16*t**3 - 86*t**2 - 37*t - 3. What is s(-5)?
32
Let t(q) = -114*q - 3076. Determine t(-27).
2
Let h(z) = 81*z**2 - 1785*z + 73. Give h(22).
7
Let l(r) = 31*r - 1118. Give l(36).
-2
Let q(t) = 4*t**3 + 30*t**2 - 12*t - 56. What is q(-8)?
-88
Let n(i) = 3*i**3 - 39*i**2 + 7*i - 43. Give n(13).
48
Let j(l) = -72*l**2 - 7*l - 19. Give j(-2).
-293
Let m(i) = 52*i + 730. What is m(-22)?
-414
Let u(v) = 2696*v + 37745. Give u(-14).
1
Let o(c) = 148*c - 322. Determine o(3).
122
Let d(g) = -4*g**2 + 40*g - 90. Determine d(6).
6
Let t(i) = -6*i - 74. Give t(-17).
28
Let p(f) = -49*f + 699. Give p(15).
-36
Let v(z) = -27*z**2 + 161*z - 4. Calculate v(6).
-10
Let p(j) = -6*j - 37. What is p(-42)?
215
Let p(c) = -27*c - 15. Give p(-4).
93
Let j(n) = 3*n**2 - 177*n + 23. What is j(59)